 (6 + -7).
-1
Evaluate -2 + 1 + (-2 - -5).
2
Calculate -9 + 8 + -3 + 1.
-3
What is the value of 5 + 2 + -9 - -8?
6
Calculate 4 + (1 - 0 - 1).
4
Calculate 1 + 0 + 6 - 8.
-1
What is (14 - 5) + (20 - 30)?
-1
Calculate (6 - -5) + 4 + -8 + -2.
5
What is the value of (-9 - -12) + -13 + 6?
-4
What is 4 + -8 + -1 + 2 - 1?
-4
1 - 4 - ((-9 - -2) + 3)
1
Evaluate -3 - (5 - 9) - -3.
4
Evaluate 0 - (3 + (1 - -3) + -9).
2
-2 - (5 + (4 - 0) + -4)
-7
(3 - 8) + (-25 - -31)
1
Calculate -11 + 3 - -3 - -1.
-4
Calculate -27 + 16 + 5 + 1.
-5
What is (-4 - -1) + 7 - 8?
-4
Evaluate -7 + 1 - (-6 + (7 - 2)).
-5
4 - 3 - (-5 + 9)
-3
What is -4 - (4 + 3 + -13)?
2
Evaluate 2 - (-5 - -9 - (5 + 2)).
5
What is the value of 24 - 34 - (-15 + -1)?
6
Calculate (0 - 5) + (21 - (4 - -6)).
6
What is the value of (0 + 0 - 1) + (6 - 9)?
-4
-3 + 0 - (-5 - 6 - -10)
-2
Calculate (-80 - -79) + (1 + -1 - 0).
-1
What is the value of -1 - 2 - (19 + -23)?
1
Calculate (11 - (5 - (13 + -6))) + -7.
6
What is the value of 7 + (-3 - -1) + (-9 - -4)?
0
What is -5 + (8 + -4 - -6)?
5
Calculate -2 - -5 - 3 - -2.
2
What is the value of 8 + 1 - (-28 + 18 + 15)?
4
What is (-104 - -103) + (-8 - -1)?
-8
What is the value of 5 + (-5 + 5 + -2 - 1)?
2
Evaluate 15 + 1 + (-6 - 0).
10
What is 0 + (-9 - (-10 + -2))?
3
What is 2 + (1 - (4 + 3))?
-4
Calculate 6 + (6 - 3) + -8 + -5.
-4
Calculate -1 + 13 + -13 + 2.
1
What is (-5 - (1 - 3)) + 0?
-3
What is the value of -3 + (-4 - (-6 + 3)) + -1?
-5
What is the value of -3 + 9 + -5 - -4?
5
What is (2 - -2) + 4 + -8 - -2?
2
Evaluate 34 + -21 - (6 - -4).
3
(12 - (-13 + 28)) + (1 - 4)
-6
4 + (2 - (-1 + (0 - -3)))
4
Evaluate 6 - (4 + 2 + 3).
-3
Evaluate 0 - 3 - (-12 - -12).
-3
What is the value of 1 + 8 - (-21 - (-34 - -6))?
2
What is -4 - (-3 - (-8 - -3) - 3)?
-3
What is -5 + 6 + -7 - -4?
-2
Evaluate (1 + (-4 - -3) - 6) + 1.
-5
Calculate 5 + 4 + (-4 - 0).
5
What is the value of 1 + -2 + 1 - 2?
-2
Calculate -97 - -95 - (-5 - -1).
2
Calculate 4 - (-4 - -5 - -3).
0
-3 + -1 + 1 + 13 + -4
6
What is 4 - ((6 + -8 - -4) + 4)?
-2
Evaluate -2 - (-1 - (-4 - (3 + -3))).
-5
What is 6 - (-3 - -1 - -7)?
1
Calculate -9 + (5 + -4 - -3).
-5
What is 2 - -2 - (0 + 7)?
-3
What is the value of (-14 - -11) + (-1 - (1 - 0))?
-5
Evaluate -2 + 3 - (6 + -11).
6
Calculate -18 + 9 + 3 + -2.
-8
-1 - 0 - (-3 + 1 - -5)
-4
What is the value of -3 - -3 - -9 - 11?
-2
-6 + ((-14 - -7) + 15 - 11)
-9
What is (-6 + (8 - -4) - -5) + -6?
5
What is the value of -10 + 3 + -1 - (-2 + -1)?
-5
Calculate -8 + 0 + 2 + 6 + -5.
-5
(-1 - 0) + (-12 - -15)
2
What is 5 + (0 - 8) + -13 + 20?
4
What is (1 - 3 - (3 + -5)) + 1?
1
8 + (0 - 4) + (0 - 4)
0
Calculate (-3 - 2) + (2 - -7).
4
Calculate -23 + 28 + 0 + -6 + 5.
4
What is the value of 7 + (-3 - 1) - 3?
0
What is 1 - (-2 - (-1 - (6 + -1)))?
-3
Evaluate (1 - 0) + (-5 + 3 - 2).
-3
1 + -1 + (-12 - -13)
1
Evaluate -2 + (2 - (-4 - -1)).
3
Calculate (-3 - (1 + -12 + 3)) + -1.
4
What is -1 - 3 - (-16 - -10)?
2
What is the value of (-2 + 2 - -1) + 0 - 2?
-1
Evaluate 0 + 0 + 0 + (-1 - -3).
2
Calculate 4 + -4 + 4 + 0 + 4.
8
Evaluate (3 + -1 - (0 - -1)) + -6.
-5
What is the value of (-1 - 7) + (-3 - -6)?
-5
(9 + -8 - 8) + 1 + 0
-6
0 + 0 - (-3 - -10)
-7
3 + 1 + (67 - 74)
-3
Evaluate -4 - -1 - (-5 - -2).
0
-7 + (-1 - -6) - (0 + 1)
-3
Calculate (-5 - -2 - (13 + -31)) + -6.
9
(-28 - -24) + -2 + 10
4
Evaluate 0 + 18 + (0 - 10).
8
319 + -312 - (8 + 0)
-1
Calculate 4 - (7 + -3 + -8 + 13).
-5
Evaluate -13 + 12 + 12 - (6 - 0).
5
What is 16 - 18 - (-4 + -2)?
4
Calculate 4 + 0 + (-2 - 5) - -5.
2
What is the value of -16 - (-21 + 2 + 12)?
-9
Calculate -8 + (6 - (-10 - -8)).
0
Calculate (-7 - -6) + (-2 - 1).
-4
Evaluate 7 - (-6 + (-1 - (6 + -11))).
9
1 - 1 - -2 - 4
-2
(2 - 3) + 10 - (-10 + 15)
4
(9 - 5) + -3 + -1
0
What is 2 - 0 - 1 - (-10 + 13)?
-2
What is (4 - 0) + (13 - 19) + -4?
-6
-2 + 5 + 13 + -25 + 2
-7
Evaluate (13 - 10 - (-1 + -2)) + -10.
-4
What is -4 - (7 - (4 + 2) - -2)?
-7
What is the value of (-1 - (-2 - -3 - 2)) + -2?
-2
What is (-5 - -6 - -1) + -2?
0
Evaluate 6 + 5 + -2 + -4 + -1.
4
Evaluate -7 + -5 + 12 + -10 + 1.
-9
What is -5 + 1 - (64 - 65)?
-3
What is the value of 8 + (-7 - (4 - 5))?
2
14 - ((-2 - -5) + -2 + 6)
7
17 - (-2 - -12) - 3
4
Evaluate 1 + 0 + -1 - -5.
5
What is 3 - 5 - 6 - (-2 - 6)?
0
What is 1 + (9 - 20) + 4?
-6
What is -3 + -2 + (7 - (0 - -3))?
-1
What is the value of 2 + (-3 - 5) + 5?
-1
4 - (8 + -4 + 0 + 2)
-2
-5 + (3 - -1) - (-5 - 0)
4
What is the value of 6 - (-2 + 0 + 3 + 0)?
5
Calculate -11 - ((6 - 2) + -10).
-5
What is 1 + -9 + (0 - 0 - -2)?
-6
What is 1 - (-4 - -3 - 1)?
3
(4 - 8 - -3) + -4
-5
What is the value of (0 - 1) + -4 - (-1 + -1)?
-3
Calculate (-4 - (0 - 2)) + (-1 - -4).
1
What is -1 - ((4 - 1) + -4)?
0
Calculate -2 + (6 - (3 + -2 - 1)).
4
What is -17 + 17 - (-2 - -3)?
-1
What is 30 + -23 - (4 + (1 - -1))?
1
-1 + (1 - 4) + 4
0
(-3 - -3) + 9 + (1 - 3)
7
2 + -10 - (2 - 17 - -11)
-4
What is the value of -3 + (7 - -1 - 4)?
1
What is the value of (0 - -2) + 1 - (5 + 1)?
-3
What is the value of 5 + 0 - (-33 - -39)?
-1
-2 + (-2 - (-5 - (-1 - -1)))
1
Calculate -4 + 4 + 0 - -5.
5
What is the value of -4 - -9 - (2 + 4)?
-1
What is the value of (-29 - -12) + 14 - (4 - 2)?
-5
What is the value of 1 - -4 - 10 - 0?
-5
-2 + 13 + (-11 - -5)
5
Evaluate -1 + (-4 - -1 - -4).
0
What is (5 - 2) + -3 - (3 + 0)?
-3
What is the value of 0 + (-8 - -7) + 0?
-1
What is 3 + 1 + -3 + -2 - -3?
2
-2 - (-4 - ((7 - 1) + -8))
0
3 - (3 - (6 + 0 + -5))
1
-1 + (0 - (3 - 1)) + -1
-4
Evaluate -1 - (-3 - 0 - (-9 - -6)).
-1
Calculate (1 - -2 - 2) + -3 + 0.
-2
What is -3 + -3 + (-3 - (2 - 5))?
-6
7 + -9 - (1 + -1)
-2
What is -14 + 1 - (-14 - (4 + -12))?
-7
What is -16 + 9 + (2 - 0) + 0?
-5
Evaluate -18 - -22 - (4 + 1).
-1
What is (1 - -2) + (0 - -24) + -24?
3
(0 - (5 + 1)) + (3 - -2)
-1
What is the value of 13 + -15 + (1 - (-1 + -3))?
3
14 - (-3 - (-7 - (1 + 0)))
9
What is the value of (-23 + 5 - -5 - -6) + 11?
4
6 + (1 + 4 - (-17 - -24))
4
Evaluate -6 + (-6 - -6 - -7).
1
Calculate (195 - 201) + (13 - 1).
6
Evaluate 1 + -1 - (3 - (-2 + 3)).
-2
What is 9 - 1 - (7 + -1)?
2
What is (-5 - (-10 + 11)) + 6?
0
What is the value of -5 - (-3 + (1 - 5))?
2
-47 + 49 - (1 + (0 - -1))
0
Evaluate -2 + (3 + -2 - (0 - 1)).
0
Evaluate 2 + 0 + -3 - (-3 - -5).
-3
Evaluate 3 - (-14 - -12 - (-1 - 2)).
2
Calculate (-5 - (-6 - (-1 + -2))) + 2.
0
What is the value of -3 + 5 + (-13 - -12)?
1
Evaluate (1 - 0) + 12 + -16.
-3
10 - 1 - (-38 + 56)
-9
What is the value of (-3 - (8 - 15) - 4) + 2?
2
-2 + -7 + (3 - 0)
-6
What is 0 + -5 + 19 + -6?
8
What is 1 + -1 + -2 - -3?
1
Evaluate (3 - 0) + -1 + -2.
0
What is 6 - -1 - (6 - -2) - 7?
-8
What is the value of -4 - (3 - 1 - (1 + 1))?
-4
Calculate -2 + (-4 - -2) + 3 + -1.
-2
-2 - 0 - (22 + -19)
-5
4 - (1 - -3) - -6
6
(4 - 1) + -10 - -5
-2
Evaluate -1 + 0 + -3 - (-3 + 0).
-1
(1 - (-6 - -12)) + 7
2
Calculate 13 - (4 + -14 + 13).
10
Calculate 3 - (5 - (-2 - (-3 + -2))).
1
What is 6 - (6 - -6) - (-3 - 10)?
7
What is the value of (16 - 3) + -2 + -7?
4
(-1 + (-1 - -3) - 0) + 0
1
What is the value of -2 + -3 - (-23 - -16)?
2
Calculate -1 + 0 + (-7 - (3 + -5)).
-6
What is (-12 + 4 - -5) + 3 - 0?
0
What is the value of (-8 + -11 - -9) + 4?
-6
Calculate -3 + -5 - (3 + 8 - 25).
6
Evaluate -2 - (-14 - -12 - (1 + -1)).
0
What is (-7 - -10) + -2 + -2?
-1
What is (4 - (-1 + 5)) + 20 + -12?
8
What is -2 + (-9 - (-8 - -4))?
-7
Calculate 4 - (2 - 0) - -1.
3
What is -8 - -1 - (10 + -9)?
-8
What is -2 + (2 + 2 - -5 - 5)?
2
What is the value of -1 - (-4 + -1) - (1 + -1)?
4
What is the value of (-5 + -9 - -8) + 5?
-1
What is the value of (1 - (1 + 1)) + (4 - 5)?
-2
What is 1 - (1 + -5 - (0 - 1))?
4
Calculate 9 + (-4 - 2) + -1 + 9.
11
Calculate -1 - 3 - (-2 - -9 - 14).
3
What is the value of -1 + (-3 + -11 - -9)?
-6
Calculate 1 + (6 - (1 - -3)).
3
Calculate -5 - (2 + -3 + (-15 - -11)).
0
0 - 1 - 9 - (13 + -18)
-5
What is (14 - 6) + -13 - 0?
-5
What is the value of -1 + 11 - (-10 - -9 - -1)?
10
What is -4 + -2 - -9 - 3?
0
What is the value of (0 + -1 - 2) + -1 + 1?
-3
Evaluate -26 + 23 - (3 - (-2 + 16)).
8
What is 6 + (-14 - (-11 + 6))?
-3
What is -1 + -1 - (-4 + -1)?
3
Evaluate (-2 - -4) + 8 + (-99 - -92).
3
What is the value of 36 + -26 - (4 - -1)?
5
What is 4 - (2 - (0 + -2))?
0
What is the v